{"id":24,"date":"2026-02-24T10:01:08","date_gmt":"2026-02-24T10:01:08","guid":{"rendered":"https:\/\/teamtritrend.hu\/?page_id=24"},"modified":"2026-04-12T21:31:19","modified_gmt":"2026-04-12T21:31:19","slug":"rolunk","status":"publish","type":"page","link":"https:\/\/teamtritrend.hu\/index.php\/rolunk\/","title":{"rendered":"R\u00f3lunk&amp;kapcsolat"},"content":{"rendered":"\t\t<div data-elementor-type=\"wp-page\" data-elementor-id=\"24\" class=\"elementor elementor-24\" data-elementor-post-type=\"page\">\n\t\t\t\t<div class=\"elementor-element elementor-element-5f233be5 e-con-full e-flex e-con e-parent\" data-id=\"5f233be5\" data-element_type=\"container\" data-e-type=\"container\" data-settings=\"{&quot;background_background&quot;:&quot;classic&quot;}\">\n\t\t<div class=\"elementor-element elementor-element-5415fbe9 e-con-full e-flex e-con e-child\" data-id=\"5415fbe9\" data-element_type=\"container\" data-e-type=\"container\">\n\t\t\t\t<\/div>\n\t\t<div class=\"elementor-element elementor-element-4a8a9462 e-con-full e-flex e-con e-child\" data-id=\"4a8a9462\" data-element_type=\"container\" data-e-type=\"container\">\n\t\t\t\t<div class=\"elementor-element elementor-element-14ef0ee3 elementor-position-top elementor-widget elementor-widget-image-box\" data-id=\"14ef0ee3\" data-element_type=\"widget\" data-e-type=\"widget\" data-widget_type=\"image-box.default\">\n\t\t\t\t\t<div class=\"elementor-image-box-wrapper\"><figure class=\"elementor-image-box-img\"><a href=\"https:\/\/teamtritrend.hu\/index.php\/nagy-gergely\/\" tabindex=\"-1\"><img fetchpriority=\"high\" decoding=\"async\" width=\"768\" height=\"1152\" src=\"https:\/\/teamtritrend.hu\/wp-content\/uploads\/2026\/02\/NG_005_2_resize-768x1152.jpg\" class=\"attachment-medium_large size-medium_large wp-image-223\" alt=\"\" srcset=\"https:\/\/teamtritrend.hu\/wp-content\/uploads\/2026\/02\/NG_005_2_resize-768x1152.jpg 768w, https:\/\/teamtritrend.hu\/wp-content\/uploads\/2026\/02\/NG_005_2_resize-200x300.jpg 200w, https:\/\/teamtritrend.hu\/wp-content\/uploads\/2026\/02\/NG_005_2_resize-683x1024.jpg 683w, https:\/\/teamtritrend.hu\/wp-content\/uploads\/2026\/02\/NG_005_2_resize.jpg 800w\" sizes=\"(max-width: 768px) 100vw, 768px\" \/><\/a><\/figure><div class=\"elementor-image-box-content\"><h3 class=\"elementor-image-box-title\"><a href=\"https:\/\/teamtritrend.hu\/index.php\/nagy-gergely\/\">Nagy Gergely<\/a><\/h3><p class=\"elementor-image-box-description\">Vezet\u0151edz\u0151<\/p><\/div><\/div>\t\t\t\t<\/div>\n\t\t\t\t<\/div>\n\t\t<div class=\"elementor-element elementor-element-3df4e6ac e-con-full e-flex e-con e-child\" data-id=\"3df4e6ac\" data-element_type=\"container\" data-e-type=\"container\">\n\t\t\t\t<\/div>\n\t\t\t\t<\/div>\n\t\t<div class=\"elementor-element elementor-element-f9e020f e-con-full e-flex e-con e-parent\" data-id=\"f9e020f\" data-element_type=\"container\" data-e-type=\"container\" data-settings=\"{&quot;background_background&quot;:&quot;classic&quot;}\">\n\t\t<div class=\"elementor-element elementor-element-3a30dbd e-con-full e-flex e-con e-child\" data-id=\"3a30dbd\" data-element_type=\"container\" data-e-type=\"container\">\n\t\t\t\t<div class=\"elementor-element elementor-element-a18412b elementor-position-top elementor-widget elementor-widget-image-box\" data-id=\"a18412b\" data-element_type=\"widget\" data-e-type=\"widget\" data-widget_type=\"image-box.default\">\n\t\t\t\t\t<div class=\"elementor-image-box-wrapper\"><figure class=\"elementor-image-box-img\"><a href=\"https:\/\/teamtritrend.hu\/index.php\/domonkos-laszlo\/\" tabindex=\"-1\"><img decoding=\"async\" width=\"768\" height=\"1152\" src=\"https:\/\/teamtritrend.hu\/wp-content\/uploads\/2026\/03\/DL_003__2_resize-768x1152.jpg\" class=\"attachment-medium_large size-medium_large wp-image-415\" alt=\"\" srcset=\"https:\/\/teamtritrend.hu\/wp-content\/uploads\/2026\/03\/DL_003__2_resize-768x1152.jpg 768w, https:\/\/teamtritrend.hu\/wp-content\/uploads\/2026\/03\/DL_003__2_resize-200x300.jpg 200w, https:\/\/teamtritrend.hu\/wp-content\/uploads\/2026\/03\/DL_003__2_resize-683x1024.jpg 683w, https:\/\/teamtritrend.hu\/wp-content\/uploads\/2026\/03\/DL_003__2_resize.jpg 800w\" sizes=\"(max-width: 768px) 100vw, 768px\" \/><\/a><\/figure><div class=\"elementor-image-box-content\"><h3 class=\"elementor-image-box-title\"><a href=\"https:\/\/teamtritrend.hu\/index.php\/domonkos-laszlo\/\">Domonkos L\u00e1szl\u00f3<\/a><\/h3><p class=\"elementor-image-box-description\">Versenyz\u0151<\/p><\/div><\/div>\t\t\t\t<\/div>\n\t\t\t\t<\/div>\n\t\t<div class=\"elementor-element elementor-element-64b4c78 e-con-full e-flex e-con e-child\" data-id=\"64b4c78\" data-element_type=\"container\" data-e-type=\"container\">\n\t\t\t\t<div class=\"elementor-element elementor-element-f249f51 elementor-position-top elementor-widget elementor-widget-image-box\" data-id=\"f249f51\" data-element_type=\"widget\" data-e-type=\"widget\" data-widget_type=\"image-box.default\">\n\t\t\t\t\t<div class=\"elementor-image-box-wrapper\"><figure class=\"elementor-image-box-img\"><img decoding=\"async\" width=\"768\" height=\"1152\" src=\"https:\/\/teamtritrend.hu\/wp-content\/uploads\/2026\/03\/KB_002_2_resize-768x1152.jpg\" class=\"attachment-medium_large size-medium_large wp-image-417\" alt=\"\" srcset=\"https:\/\/teamtritrend.hu\/wp-content\/uploads\/2026\/03\/KB_002_2_resize-768x1152.jpg 768w, https:\/\/teamtritrend.hu\/wp-content\/uploads\/2026\/03\/KB_002_2_resize-200x300.jpg 200w, https:\/\/teamtritrend.hu\/wp-content\/uploads\/2026\/03\/KB_002_2_resize-683x1024.jpg 683w, https:\/\/teamtritrend.hu\/wp-content\/uploads\/2026\/03\/KB_002_2_resize.jpg 800w\" sizes=\"(max-width: 768px) 100vw, 768px\" \/><\/figure><div class=\"elementor-image-box-content\"><h3 class=\"elementor-image-box-title\">Kov\u00e1cs Brigitta<\/h3><p class=\"elementor-image-box-description\">Versenyz\u0151<\/p><\/div><\/div>\t\t\t\t<\/div>\n\t\t\t\t<\/div>\n\t\t<div class=\"elementor-element elementor-element-a5c48f5 e-con-full e-flex e-con e-child\" data-id=\"a5c48f5\" data-element_type=\"container\" data-e-type=\"container\">\n\t\t\t\t<div class=\"elementor-element elementor-element-473ba92 elementor-position-top elementor-widget elementor-widget-image-box\" data-id=\"473ba92\" data-element_type=\"widget\" data-e-type=\"widget\" data-widget_type=\"image-box.default\">\n\t\t\t\t\t<div class=\"elementor-image-box-wrapper\"><figure class=\"elementor-image-box-img\"><img loading=\"lazy\" decoding=\"async\" width=\"768\" height=\"1152\" src=\"https:\/\/teamtritrend.hu\/wp-content\/uploads\/2026\/03\/KI_005_2_resize-768x1152.jpg\" class=\"attachment-medium_large size-medium_large wp-image-418\" alt=\"\" srcset=\"https:\/\/teamtritrend.hu\/wp-content\/uploads\/2026\/03\/KI_005_2_resize-768x1152.jpg 768w, https:\/\/teamtritrend.hu\/wp-content\/uploads\/2026\/03\/KI_005_2_resize-200x300.jpg 200w, https:\/\/teamtritrend.hu\/wp-content\/uploads\/2026\/03\/KI_005_2_resize-683x1024.jpg 683w, https:\/\/teamtritrend.hu\/wp-content\/uploads\/2026\/03\/KI_005_2_resize.jpg 800w\" sizes=\"(max-width: 768px) 100vw, 768px\" \/><\/figure><div class=\"elementor-image-box-content\"><h3 class=\"elementor-image-box-title\">Kov\u00e1cs Istv\u00e1n<\/h3><p class=\"elementor-image-box-description\">Versenyz\u0151<\/p><\/div><\/div>\t\t\t\t<\/div>\n\t\t\t\t<\/div>\n\t\t\t\t<\/div>\n\t\t<div class=\"elementor-element elementor-element-0b6fca0 e-flex e-con-boxed e-con e-parent\" data-id=\"0b6fca0\" data-element_type=\"container\" data-e-type=\"container\" data-settings=\"{&quot;background_background&quot;:&quot;classic&quot;}\">\n\t\t\t\t\t<div class=\"e-con-inner\">\n\t\t<div class=\"elementor-element elementor-element-907a25c e-con-full e-flex e-con e-child\" data-id=\"907a25c\" data-element_type=\"container\" data-e-type=\"container\">\n\t\t\t\t<div class=\"elementor-element elementor-element-449c568 elementor-position-top elementor-widget elementor-widget-image-box\" data-id=\"449c568\" data-element_type=\"widget\" data-e-type=\"widget\" data-widget_type=\"image-box.default\">\n\t\t\t\t\t<div class=\"elementor-image-box-wrapper\"><figure class=\"elementor-image-box-img\"><img loading=\"lazy\" decoding=\"async\" width=\"800\" height=\"1200\" src=\"https:\/\/teamtritrend.hu\/wp-content\/uploads\/2026\/03\/KZ_001_2_resize.jpg\" class=\"attachment-full size-full wp-image-425\" alt=\"\" srcset=\"https:\/\/teamtritrend.hu\/wp-content\/uploads\/2026\/03\/KZ_001_2_resize.jpg 800w, https:\/\/teamtritrend.hu\/wp-content\/uploads\/2026\/03\/KZ_001_2_resize-200x300.jpg 200w, https:\/\/teamtritrend.hu\/wp-content\/uploads\/2026\/03\/KZ_001_2_resize-683x1024.jpg 683w, https:\/\/teamtritrend.hu\/wp-content\/uploads\/2026\/03\/KZ_001_2_resize-768x1152.jpg 768w\" sizes=\"(max-width: 800px) 100vw, 800px\" \/><\/figure><div class=\"elementor-image-box-content\"><h3 class=\"elementor-image-box-title\">Kov\u00e1cs Zolt\u00e1n<\/h3><p class=\"elementor-image-box-description\">Versenyz\u0151<\/p><\/div><\/div>\t\t\t\t<\/div>\n\t\t\t\t<\/div>\n\t\t<div class=\"elementor-element elementor-element-52a208c e-con-full e-flex e-con e-child\" data-id=\"52a208c\" data-element_type=\"container\" data-e-type=\"container\">\n\t\t\t\t<div class=\"elementor-element elementor-element-38b6fbb elementor-position-top elementor-widget elementor-widget-image-box\" data-id=\"38b6fbb\" data-element_type=\"widget\" data-e-type=\"widget\" data-widget_type=\"image-box.default\">\n\t\t\t\t\t<div class=\"elementor-image-box-wrapper\"><figure class=\"elementor-image-box-img\"><img loading=\"lazy\" decoding=\"async\" width=\"800\" height=\"1200\" src=\"https:\/\/teamtritrend.hu\/wp-content\/uploads\/2026\/03\/BZS_003_2_resize.jpg\" class=\"attachment-full size-full wp-image-426\" alt=\"\" srcset=\"https:\/\/teamtritrend.hu\/wp-content\/uploads\/2026\/03\/BZS_003_2_resize.jpg 800w, https:\/\/teamtritrend.hu\/wp-content\/uploads\/2026\/03\/BZS_003_2_resize-200x300.jpg 200w, https:\/\/teamtritrend.hu\/wp-content\/uploads\/2026\/03\/BZS_003_2_resize-683x1024.jpg 683w, https:\/\/teamtritrend.hu\/wp-content\/uploads\/2026\/03\/BZS_003_2_resize-768x1152.jpg 768w\" sizes=\"(max-width: 800px) 100vw, 800px\" \/><\/figure><div class=\"elementor-image-box-content\"><h3 class=\"elementor-image-box-title\">Bodn\u00e1r Zsuzsanna<\/h3><p class=\"elementor-image-box-description\">Versenyz\u0151<\/p><\/div><\/div>\t\t\t\t<\/div>\n\t\t\t\t<\/div>\n\t\t<div class=\"elementor-element elementor-element-8d5243b e-con-full e-flex e-con e-child\" data-id=\"8d5243b\" data-element_type=\"container\" data-e-type=\"container\">\n\t\t\t\t<div class=\"elementor-element elementor-element-acac5d9 elementor-position-top elementor-widget elementor-widget-image-box\" data-id=\"acac5d9\" data-element_type=\"widget\" data-e-type=\"widget\" data-widget_type=\"image-box.default\">\n\t\t\t\t\t<div class=\"elementor-image-box-wrapper\"><figure class=\"elementor-image-box-img\"><img loading=\"lazy\" decoding=\"async\" width=\"800\" height=\"1200\" src=\"https:\/\/teamtritrend.hu\/wp-content\/uploads\/2026\/03\/GM_007_2_resize.jpg\" class=\"attachment-full size-full wp-image-427\" alt=\"\" srcset=\"https:\/\/teamtritrend.hu\/wp-content\/uploads\/2026\/03\/GM_007_2_resize.jpg 800w, https:\/\/teamtritrend.hu\/wp-content\/uploads\/2026\/03\/GM_007_2_resize-200x300.jpg 200w, https:\/\/teamtritrend.hu\/wp-content\/uploads\/2026\/03\/GM_007_2_resize-683x1024.jpg 683w, https:\/\/teamtritrend.hu\/wp-content\/uploads\/2026\/03\/GM_007_2_resize-768x1152.jpg 768w\" sizes=\"(max-width: 800px) 100vw, 800px\" \/><\/figure><div class=\"elementor-image-box-content\"><h3 class=\"elementor-image-box-title\">Gombos M\u00e1t\u00e9<\/h3><p class=\"elementor-image-box-description\">Versenyz\u0151<\/p><\/div><\/div>\t\t\t\t<\/div>\n\t\t\t\t<\/div>\n\t\t\t\t\t<\/div>\n\t\t\t\t<\/div>\n\t\t<div class=\"elementor-element elementor-element-2b831e8 e-flex e-con-boxed e-con e-parent\" data-id=\"2b831e8\" data-element_type=\"container\" data-e-type=\"container\" data-settings=\"{&quot;background_background&quot;:&quot;classic&quot;}\">\n\t\t\t\t\t<div class=\"e-con-inner\">\n\t\t<div class=\"elementor-element elementor-element-232259a e-con-full e-flex e-con e-child\" data-id=\"232259a\" data-element_type=\"container\" data-e-type=\"container\">\n\t\t\t\t<div class=\"elementor-element elementor-element-4e1af9a elementor-position-top elementor-widget elementor-widget-image-box\" data-id=\"4e1af9a\" data-element_type=\"widget\" data-e-type=\"widget\" data-widget_type=\"image-box.default\">\n\t\t\t\t\t<div class=\"elementor-image-box-wrapper\"><figure class=\"elementor-image-box-img\"><img loading=\"lazy\" decoding=\"async\" width=\"800\" height=\"1200\" src=\"https:\/\/teamtritrend.hu\/wp-content\/uploads\/2026\/03\/MG_002_2_resize.jpg\" class=\"attachment-full size-full wp-image-450\" alt=\"\" srcset=\"https:\/\/teamtritrend.hu\/wp-content\/uploads\/2026\/03\/MG_002_2_resize.jpg 800w, https:\/\/teamtritrend.hu\/wp-content\/uploads\/2026\/03\/MG_002_2_resize-200x300.jpg 200w, https:\/\/teamtritrend.hu\/wp-content\/uploads\/2026\/03\/MG_002_2_resize-683x1024.jpg 683w, https:\/\/teamtritrend.hu\/wp-content\/uploads\/2026\/03\/MG_002_2_resize-768x1152.jpg 768w\" sizes=\"(max-width: 800px) 100vw, 800px\" \/><\/figure><div class=\"elementor-image-box-content\"><h3 class=\"elementor-image-box-title\">Metzner G\u00e1bor<\/h3><p class=\"elementor-image-box-description\">Versenyz\u0151<\/p><\/div><\/div>\t\t\t\t<\/div>\n\t\t\t\t<\/div>\n\t\t<div class=\"elementor-element elementor-element-f1734fa e-con-full e-flex e-con e-child\" data-id=\"f1734fa\" data-element_type=\"container\" data-e-type=\"container\">\n\t\t\t\t<div class=\"elementor-element elementor-element-e122617 elementor-position-top elementor-widget elementor-widget-image-box\" data-id=\"e122617\" data-element_type=\"widget\" data-e-type=\"widget\" data-widget_type=\"image-box.default\">\n\t\t\t\t\t<div class=\"elementor-image-box-wrapper\"><figure class=\"elementor-image-box-img\"><img loading=\"lazy\" decoding=\"async\" width=\"800\" height=\"1200\" src=\"https:\/\/teamtritrend.hu\/wp-content\/uploads\/2026\/03\/MP_003_2_resize.jpg\" class=\"attachment-full size-full wp-image-451\" alt=\"\" srcset=\"https:\/\/teamtritrend.hu\/wp-content\/uploads\/2026\/03\/MP_003_2_resize.jpg 800w, https:\/\/teamtritrend.hu\/wp-content\/uploads\/2026\/03\/MP_003_2_resize-200x300.jpg 200w, https:\/\/teamtritrend.hu\/wp-content\/uploads\/2026\/03\/MP_003_2_resize-683x1024.jpg 683w, https:\/\/teamtritrend.hu\/wp-content\/uploads\/2026\/03\/MP_003_2_resize-768x1152.jpg 768w\" sizes=\"(max-width: 800px) 100vw, 800px\" \/><\/figure><div class=\"elementor-image-box-content\"><h3 class=\"elementor-image-box-title\">Monori P\u00e9ter<\/h3><p class=\"elementor-image-box-description\">Versenyz\u0151<\/p><\/div><\/div>\t\t\t\t<\/div>\n\t\t\t\t<\/div>\n\t\t<div class=\"elementor-element elementor-element-f7ac3be e-con-full e-flex e-con e-child\" data-id=\"f7ac3be\" data-element_type=\"container\" data-e-type=\"container\">\n\t\t\t\t<div class=\"elementor-element elementor-element-5e65818 elementor-position-top elementor-widget elementor-widget-image-box\" data-id=\"5e65818\" data-element_type=\"widget\" data-e-type=\"widget\" data-widget_type=\"image-box.default\">\n\t\t\t\t\t<div class=\"elementor-image-box-wrapper\"><figure class=\"elementor-image-box-img\"><img loading=\"lazy\" decoding=\"async\" width=\"800\" height=\"1200\" src=\"https:\/\/teamtritrend.hu\/wp-content\/uploads\/2026\/03\/OM_008_2_resize.jpg\" class=\"attachment-full size-full wp-image-452\" alt=\"\" srcset=\"https:\/\/teamtritrend.hu\/wp-content\/uploads\/2026\/03\/OM_008_2_resize.jpg 800w, https:\/\/teamtritrend.hu\/wp-content\/uploads\/2026\/03\/OM_008_2_resize-200x300.jpg 200w, https:\/\/teamtritrend.hu\/wp-content\/uploads\/2026\/03\/OM_008_2_resize-683x1024.jpg 683w, https:\/\/teamtritrend.hu\/wp-content\/uploads\/2026\/03\/OM_008_2_resize-768x1152.jpg 768w\" sizes=\"(max-width: 800px) 100vw, 800px\" \/><\/figure><div class=\"elementor-image-box-content\"><h3 class=\"elementor-image-box-title\">Ol\u00e1h Mikl\u00f3s<\/h3><p class=\"elementor-image-box-description\">Versenyz\u0151<\/p><\/div><\/div>\t\t\t\t<\/div>\n\t\t\t\t<\/div>\n\t\t\t\t\t<\/div>\n\t\t\t\t<\/div>\n\t\t<div class=\"elementor-element elementor-element-0aa8395 e-flex e-con-boxed e-con e-parent\" data-id=\"0aa8395\" data-element_type=\"container\" data-e-type=\"container\" data-settings=\"{&quot;background_background&quot;:&quot;classic&quot;}\">\n\t\t\t\t\t<div class=\"e-con-inner\">\n\t\t<div class=\"elementor-element elementor-element-222302b e-con-full e-flex e-con e-child\" data-id=\"222302b\" data-element_type=\"container\" data-e-type=\"container\">\n\t\t\t\t<div class=\"elementor-element elementor-element-d9f08b8 elementor-position-top elementor-widget elementor-widget-image-box\" data-id=\"d9f08b8\" data-element_type=\"widget\" data-e-type=\"widget\" data-widget_type=\"image-box.default\">\n\t\t\t\t\t<div class=\"elementor-image-box-wrapper\"><figure class=\"elementor-image-box-img\"><a href=\"https:\/\/teamtritrend.hu\/index.php\/sebestyen-zsolt\/\" tabindex=\"-1\"><img loading=\"lazy\" decoding=\"async\" width=\"800\" height=\"1200\" src=\"https:\/\/teamtritrend.hu\/wp-content\/uploads\/2026\/03\/SZS_001_2_resize.jpg\" class=\"attachment-full size-full wp-image-453\" alt=\"\" srcset=\"https:\/\/teamtritrend.hu\/wp-content\/uploads\/2026\/03\/SZS_001_2_resize.jpg 800w, https:\/\/teamtritrend.hu\/wp-content\/uploads\/2026\/03\/SZS_001_2_resize-200x300.jpg 200w, https:\/\/teamtritrend.hu\/wp-content\/uploads\/2026\/03\/SZS_001_2_resize-683x1024.jpg 683w, https:\/\/teamtritrend.hu\/wp-content\/uploads\/2026\/03\/SZS_001_2_resize-768x1152.jpg 768w\" sizes=\"(max-width: 800px) 100vw, 800px\" \/><\/a><\/figure><div class=\"elementor-image-box-content\"><h3 class=\"elementor-image-box-title\"><a href=\"https:\/\/teamtritrend.hu\/index.php\/sebestyen-zsolt\/\">Sebesty\u00e9n Zsolt<\/a><\/h3><p class=\"elementor-image-box-description\">Versenyz\u0151<\/p><\/div><\/div>\t\t\t\t<\/div>\n\t\t\t\t<\/div>\n\t\t<div class=\"elementor-element elementor-element-09719b6 e-con-full e-flex e-con e-child\" data-id=\"09719b6\" data-element_type=\"container\" data-e-type=\"container\">\n\t\t\t\t<div class=\"elementor-element elementor-element-9e0a24e elementor-position-top elementor-widget elementor-widget-image-box\" data-id=\"9e0a24e\" data-element_type=\"widget\" data-e-type=\"widget\" data-widget_type=\"image-box.default\">\n\t\t\t\t\t<div class=\"elementor-image-box-wrapper\"><figure class=\"elementor-image-box-img\"><img loading=\"lazy\" decoding=\"async\" width=\"800\" height=\"1200\" src=\"https:\/\/teamtritrend.hu\/wp-content\/uploads\/2026\/03\/GJ_006_2_resize.jpg\" class=\"attachment-full size-full wp-image-454\" alt=\"\" srcset=\"https:\/\/teamtritrend.hu\/wp-content\/uploads\/2026\/03\/GJ_006_2_resize.jpg 800w, https:\/\/teamtritrend.hu\/wp-content\/uploads\/2026\/03\/GJ_006_2_resize-200x300.jpg 200w, https:\/\/teamtritrend.hu\/wp-content\/uploads\/2026\/03\/GJ_006_2_resize-683x1024.jpg 683w, https:\/\/teamtritrend.hu\/wp-content\/uploads\/2026\/03\/GJ_006_2_resize-768x1152.jpg 768w\" sizes=\"(max-width: 800px) 100vw, 800px\" \/><\/figure><div class=\"elementor-image-box-content\"><h3 class=\"elementor-image-box-title\">Grosz J\u00e1nos<\/h3><p class=\"elementor-image-box-description\">Versenyz\u0151<\/p><\/div><\/div>\t\t\t\t<\/div>\n\t\t\t\t<\/div>\n\t\t<div class=\"elementor-element elementor-element-f41f4ec e-con-full e-flex e-con e-child\" data-id=\"f41f4ec\" data-element_type=\"container\" data-e-type=\"container\">\n\t\t\t\t<div class=\"elementor-element elementor-element-7879c1b elementor-position-top elementor-widget elementor-widget-image-box\" data-id=\"7879c1b\" data-element_type=\"widget\" data-e-type=\"widget\" data-widget_type=\"image-box.default\">\n\t\t\t\t\t<div class=\"elementor-image-box-wrapper\"><figure class=\"elementor-image-box-img\"><img loading=\"lazy\" decoding=\"async\" width=\"800\" height=\"1200\" src=\"https:\/\/teamtritrend.hu\/wp-content\/uploads\/2026\/03\/RE_002_2_resize.jpg\" class=\"attachment-full size-full wp-image-455\" alt=\"\" srcset=\"https:\/\/teamtritrend.hu\/wp-content\/uploads\/2026\/03\/RE_002_2_resize.jpg 800w, https:\/\/teamtritrend.hu\/wp-content\/uploads\/2026\/03\/RE_002_2_resize-200x300.jpg 200w, https:\/\/teamtritrend.hu\/wp-content\/uploads\/2026\/03\/RE_002_2_resize-683x1024.jpg 683w, https:\/\/teamtritrend.hu\/wp-content\/uploads\/2026\/03\/RE_002_2_resize-768x1152.jpg 768w\" sizes=\"(max-width: 800px) 100vw, 800px\" \/><\/figure><div class=\"elementor-image-box-content\"><h3 class=\"elementor-image-box-title\">Rieder Ervin<\/h3><p class=\"elementor-image-box-description\">Versenyz\u0151<\/p><\/div><\/div>\t\t\t\t<\/div>\n\t\t\t\t<\/div>\n\t\t\t\t\t<\/div>\n\t\t\t\t<\/div>\n\t\t<div class=\"elementor-element elementor-element-278a33b e-flex e-con-boxed e-con e-parent\" data-id=\"278a33b\" data-element_type=\"container\" data-e-type=\"container\" data-settings=\"{&quot;background_background&quot;:&quot;classic&quot;}\">\n\t\t\t\t\t<div class=\"e-con-inner\">\n\t\t<div class=\"elementor-element elementor-element-a0cb3bf e-con-full e-flex e-con e-child\" data-id=\"a0cb3bf\" data-element_type=\"container\" data-e-type=\"container\">\n\t\t\t\t<div class=\"elementor-element elementor-element-823891f elementor-position-top elementor-widget elementor-widget-image-box\" data-id=\"823891f\" data-element_type=\"widget\" data-e-type=\"widget\" data-widget_type=\"image-box.default\">\n\t\t\t\t\t<div class=\"elementor-image-box-wrapper\"><figure class=\"elementor-image-box-img\"><img loading=\"lazy\" decoding=\"async\" width=\"800\" height=\"1200\" src=\"https:\/\/teamtritrend.hu\/wp-content\/uploads\/2026\/03\/BZ_003_2_resize.jpg\" class=\"attachment-full size-full wp-image-456\" alt=\"\" srcset=\"https:\/\/teamtritrend.hu\/wp-content\/uploads\/2026\/03\/BZ_003_2_resize.jpg 800w, https:\/\/teamtritrend.hu\/wp-content\/uploads\/2026\/03\/BZ_003_2_resize-200x300.jpg 200w, https:\/\/teamtritrend.hu\/wp-content\/uploads\/2026\/03\/BZ_003_2_resize-683x1024.jpg 683w, https:\/\/teamtritrend.hu\/wp-content\/uploads\/2026\/03\/BZ_003_2_resize-768x1152.jpg 768w\" sizes=\"(max-width: 800px) 100vw, 800px\" \/><\/figure><div class=\"elementor-image-box-content\"><h3 class=\"elementor-image-box-title\">B\u00edr\u00f3 Zolt\u00e1n<\/h3><p class=\"elementor-image-box-description\">Versenyz\u0151<\/p><\/div><\/div>\t\t\t\t<\/div>\n\t\t\t\t<\/div>\n\t\t<div class=\"elementor-element elementor-element-4d34c93 e-con-full e-flex e-con e-child\" data-id=\"4d34c93\" data-element_type=\"container\" data-e-type=\"container\">\n\t\t\t\t<div class=\"elementor-element elementor-element-f7c9386 elementor-position-top elementor-widget elementor-widget-image-box\" data-id=\"f7c9386\" data-element_type=\"widget\" data-e-type=\"widget\" data-widget_type=\"image-box.default\">\n\t\t\t\t\t<div class=\"elementor-image-box-wrapper\"><figure class=\"elementor-image-box-img\"><img loading=\"lazy\" decoding=\"async\" width=\"800\" height=\"1200\" src=\"https:\/\/teamtritrend.hu\/wp-content\/uploads\/2026\/03\/NG_001_2_resize.jpg\" class=\"attachment-full size-full wp-image-457\" alt=\"\" srcset=\"https:\/\/teamtritrend.hu\/wp-content\/uploads\/2026\/03\/NG_001_2_resize.jpg 800w, https:\/\/teamtritrend.hu\/wp-content\/uploads\/2026\/03\/NG_001_2_resize-200x300.jpg 200w, https:\/\/teamtritrend.hu\/wp-content\/uploads\/2026\/03\/NG_001_2_resize-683x1024.jpg 683w, https:\/\/teamtritrend.hu\/wp-content\/uploads\/2026\/03\/NG_001_2_resize-768x1152.jpg 768w\" sizes=\"(max-width: 800px) 100vw, 800px\" \/><\/figure><div class=\"elementor-image-box-content\"><h3 class=\"elementor-image-box-title\">Nagy-Gergely Misi<\/h3><p class=\"elementor-image-box-description\">Versenyz\u0151<\/p><\/div><\/div>\t\t\t\t<\/div>\n\t\t\t\t<\/div>\n\t\t<div class=\"elementor-element elementor-element-7f6e0a5 e-con-full e-flex e-con e-child\" data-id=\"7f6e0a5\" data-element_type=\"container\" data-e-type=\"container\">\n\t\t\t\t<\/div>\n\t\t\t\t\t<\/div>\n\t\t\t\t<\/div>\n\t\t\t\t<\/div>\n\t\t","protected":false},"excerpt":{"rendered":"<p>Nagy Gergely Vezet\u0151edz\u0151 Domonkos L\u00e1szl\u00f3 Versenyz\u0151 Kov\u00e1cs Brigitta Versenyz\u0151 Kov\u00e1cs Istv\u00e1n Versenyz\u0151 Kov\u00e1cs Zolt\u00e1n Versenyz\u0151 Bodn\u00e1r Zsuzsanna Versenyz\u0151 Gombos M\u00e1t\u00e9 Versenyz\u0151 Metzner G\u00e1bor Versenyz\u0151 Monori P\u00e9ter Versenyz\u0151 Ol\u00e1h Mikl\u00f3s Versenyz\u0151 Sebesty\u00e9n Zsolt Versenyz\u0151 Grosz J\u00e1nos Versenyz\u0151 Rieder Ervin Versenyz\u0151 B\u00edr\u00f3 Zolt\u00e1n Versenyz\u0151 Nagy-Gergely Misi Versenyz\u0151<\/p>\n","protected":false},"author":1,"featured_media":0,"parent":0,"menu_order":0,"comment_status":"closed","ping_status":"closed","template":"","meta":{"footnotes":""},"class_list":["post-24","page","type-page","status-publish","hentry","entry"],"_links":{"self":[{"href":"https:\/\/teamtritrend.hu\/index.php\/wp-json\/wp\/v2\/pages\/24","targetHints":{"allow":["GET"]}}],"collection":[{"href":"https:\/\/teamtritrend.hu\/index.php\/wp-json\/wp\/v2\/pages"}],"about":[{"href":"https:\/\/teamtritrend.hu\/index.php\/wp-json\/wp\/v2\/types\/page"}],"author":[{"embeddable":true,"href":"https:\/\/teamtritrend.hu\/index.php\/wp-json\/wp\/v2\/users\/1"}],"replies":[{"embeddable":true,"href":"https:\/\/teamtritrend.hu\/index.php\/wp-json\/wp\/v2\/comments?post=24"}],"version-history":[{"count":91,"href":"https:\/\/teamtritrend.hu\/index.php\/wp-json\/wp\/v2\/pages\/24\/revisions"}],"predecessor-version":[{"id":591,"href":"https:\/\/teamtritrend.hu\/index.php\/wp-json\/wp\/v2\/pages\/24\/revisions\/591"}],"wp:attachment":[{"href":"https:\/\/teamtritrend.hu\/index.php\/wp-json\/wp\/v2\/media?parent=24"}],"curies":[{"name":"wp","href":"https:\/\/api.w.org\/{rel}","templated":true}]}}